ivided by 4.
3
What is the remainder when (-154)/7 - 264/(-1) is divided by 79?
5
Let o(w) = 5*w**2 - 18*w + 117. What is the remainder when o(-20) is divided by 138?
131
Suppose -257*z + 794 = -253*z + 2*n, -2*z - 4*n = -406. Calculate the remainder when 973 is divided by z.
185
Let l be 3/(-9) - (-19)/3. Suppose 7*w - 3 = l*w. Suppose 5*s + q - 131 - 117 = 0, w*s - 5*q = 160. Calculate the remainder when s is divided by 11.
6
Suppose -p - 137 = -2*f, 4*p - 74 = -4*f + 206. What is the remainder when 1998 is divided by f?
66
Suppose -4*g + 86 - 6 = -2*b, -5*b = 4*g - 66. Suppose -15*c + 334 - g = 0. What is the remainder when c is divided by 8?
5
Let n(l) = 2*l**3 - 4*l**2 + 6. Let k be n(3). Calculate the remainder when 12 is divided by 145/30 + (-1 - (-28)/k).
2
Let i = -180 - -260. Suppose -2*f = -3*x - 24, -40*x + 4*f = -37*x + 24. Calculate the remainder when i is divided by (x - -5) + (0 + -1 - -21).
12
Let q = -53 + 87. Let m = 1265 + -896. Let l = 381 - m. What is the remainder when q is divided by l?
10
Let a(d) = 2*d**2 - 5*d + 4. Let b(y) be the second derivative of -y**4/12 + 11*y**3/6 - 9*y**2/2 + 48*y. What is the remainder when a(4) is divided by b(9)?
7
Suppose -4*h + 23 = q, 12*q - 9*q = 2*h + 83. Let i = 301 + -222. Calculate the remainder when i is divided by q.
25
Suppose 3*t + 1005 - 3372 = 0. Suppose 764*b - 46 = -c + 759*b, 5*b - 82 = -2*c. Calculate the remainder when t is divided by c.
33
Suppose -23*a + 14*a = -18. Suppose -2*g + 177 = 2*g - 5*s, -a*g - 4*s = -82. Calculate the remainder when 89 is divided by g.
3
Calculate the remainder when (-234)/(17 - 30) - (-1 - 3) is divided by (1/2)/((-1)/(-24)).
10
Let d = 346 - 496. Let v be ((-8)/(-10))/(4/d). Let a = -9 - v. Calculate the remainder when 82 is divided by a.
19
Let m(v) = -6*v + 216. Let u be m(8). Calculate the remainder when u/(-224)*(-4)/(-6)*-1788 is divided by 14.
12
Suppose 5*d - 646 = -4*g, -5*d + 477 = -2*g - 145. What is the remainder when 1122 is divided by d?
114
Let q(d) = -58*d**3 + 2*d**2 - 2. Let p be q(-1). Let i = p + -41. Suppose 2*z + 2 = 10. What is the remainder when i is divided by z?
1
Let m(s) = 235 - 6*s + 3*s + 15*s - 339. Calculate the remainder when 142 is divided by m(10).
14
Calculate the remainder when (-4565)/2075 - (-31301)/5 is divided by 3123.
12
Let y(h) = 4*h**2 + 73*h - 863. Calculate the remainder when y(11) is divided by 191.
42
Let c(a) = -4*a - 91. Let m be c(-25). What is the remainder when 104 is divided by (0 - -19) + (m - 5)?
12
Suppose 0 = -3*o - 2*s + 990, 148 + 182 = o - s. What is the remainder when o is divided by 76?
26
Suppose 0*x = -3*j + 3*x + 333, -j - 2*x + 99 = 0. What is the remainder when 305 is divided by j?
91
Suppose 111*h - 184*h = -674593. What is the remainder when h is divided by 4?
1
Suppose -5*x + 9263 = 2*w, -83*w + 80*w + 3692 = 2*x. Calculate the remainder when x is divided by 30.
25
Suppose 29*y - 26*y - 159 = -3*r, 5*r - 2*y = 300. What is the remainder when r is divided by 4?
2
Let v(f) = 7*f**2 - 15. Let i be v(8). Suppose -i*p = -437*p + 68. What is the remainder when 58 is divided by p?
7
Let t = 3446 - 3440. What is the remainder when 1171 is divided by t?
1
Suppose -5*r = -c - 8, 0 = -5*c - 5*r + 7 + 13. Suppose -6*d + 3*d + 22 = -c*u, 3*u = 3. Calculate the remainder when (-1792)/(-36) + d/36 is divided by 13.
11
Suppose 5*r - 68 = r + 4*j, 4*j + 83 = 5*r. Suppose -2*v + 20 = 2*l, 2*v - l - 2*l - r = 0. What is the remainder when v is divided by 165/198*12/2?
4
Suppose -747*u + 193*u + 17741296 = 0. What is the remainder when u is divided by 134?
132
Suppose 0 = 13*q - 16*q - 465. Let k = q - -381. What is the remainder when k is divided by 12?
10
Suppose -2*a + 3*u + 21 = 0, 4*u - 38 = -348*a + 347*a. Calculate the remainder when 930 is divided by a.
12
Let o = -10 - -10. Let h(l) = -15*l + 19. Let x be h(1). Suppose o = x*n - 79 - 29. What is the remainder when n is divided by 8?
3
Let n(q) = -2*q**3 + 3*q**2 + 50*q - 56. What is the remainder when 2397 is divided by n(-9)?
7
Let z = 44547 - 44256. Calculate the remainder when z is divided by 39.
18
Let i(p) = 286*p - 1401. What is the remainder when i(8) is divided by 26?
3
Suppose -4*u = -7*u - 57. Let o = -36 - u. Let q = -1 - o. Calculate the remainder when 46 is divided by q.
14
Let b = 174 + -63. Suppose 2*q + 3*q - 29 = 3*y, -q + 10 = -2*y. Calculate the remainder when b is divided by q.
3
Let d(g) = g**3 + 18*g**2 + 33*g + 21. Let z be d(-16). Suppose 217 = -2*f + 533. What is the remainder when f is divided by (-16*5)/((-10)/z)?
38
Let n = 152 - 98. What is the remainder when n is divided by (6/(-7))/((-63)/1470)?
14
Suppose -3*n - 292*b + 460 = -293*b, -4*b - 16 = 0. Calculate the remainder when 755 is divided by n.
147
Let i = 251 - 225. Let s(g) = g**2 - 21*g - 123. What is the remainder when 22 is divided by s(i)?
1
Suppose 0 = 5*c - 12269 + 3164. What is the remainder when c is divided by 183?
174
Suppose 2*a - 3*a = -4, 3*u - 917 = -2*a. Suppose -6*v + 45 + 261 = 0. What is the remainder when u is divided by v?
48
Suppose 0 = 5*l + 5, -2*u + 2*l = 5*l - 7. Suppose 0 = p - 3, -p + 2 = -2*w + 15. Suppose -w = 13*c - 151. What is the remainder when c is divided by u?
1
Let k(p) = 2*p**2 + p + 4. Calculate the remainder when 511 - 363*(-23)/(-253) is divided by k(4).
38
Suppose -318 = -6*o + 174. Suppose 3*r = 4*k + o, 163 = 5*r - 2*k + 17. Calculate the remainder when 178 is divided by r.
28
Let j(y) be the first derivative of -y**4/4 + 10*y**3/3 - y**2 - 16*y - 136. What is the remainder when j(8) is divided by (84/(-18))/((-2)/6)?
12
Let b(n) = 2*n**2 - 26*n + 4. Calculate the remainder when 708 is divided by b(19).
12
Suppose -24*b + 12*b + 720 = 0. Let v = -11 + b. What is the remainder when v is divided by 10?
9
Let t(d) = 3 - 14*d + d + 3 - 2*d**2 - 5*d. What is the remainder when 62 is divided by t(-8)?
18
Let g(j) = -2*j**2 + 54*j - 53. What is the remainder when g(15) is divided by 153?
1
Let l = -12584 - -12654. Suppose 2*f + 0*f - 137 = -5*y, 5*f + 5*y = 380. What is the remainder when f is divided by l?
11
Let s be 10 + (-2 - (3 - 6 - -5)). Suppose -s - 108 = -y + 5*q, 5*y = -q + 466. What is the remainder when y is divided by 10?
4
Suppose -4*t + 2*t + 5*a + 32 = 0, 5*t + 2*a - 22 = 0. Let c be (62/(-2 + 4))/(8 - 9). Let m = 54 + c. What is the remainder when m is divided by t?
5
Let v(f) = 5*f + 10. Let x be v(-2). Let u = 14 + -11. What is the remainder when (-1 - -13) + x/(-3) is divided by u?
0
Suppose 210 = -23*f + 37*f. Suppose -f = -9*l + 237. Calculate the remainder when l is divided by 3.
1
Suppose -6*b + 5*b - 179 = 0. Let s = b + 115. What is the remainder when 12 is divided by (-3)/(-2*(-12)/s)?
4
Let a(o) = o**3. Let s = -10 - -12. Let z be a(s). Calculate the remainder when (1 - (-98)/6)/(z/12) is divided by 10.
6
Suppose -a = -2*k - 42, 0 = 48*a - 46*a + 4*k - 92. Calculate the remainder when 438 is divided by a.
42
Suppose -187 - 41 = 3*i. Let v = -69 - i. What is the remainder when 83 is divided by v?
6
Let p(d) = -9*d + 93. Suppose -4*q - 138 = -178. Calculate the remainder when 23 is divided by p(q).
2
What is the remainder when 185 is divided by 63 + 4 + 3 + -15?
20
Calculate the remainder when 132/616*-60767*(-4)/6 is divided by 82.
71
Suppose -19*s + 138 = 58 - 53. Let m be -2*(-1)/(-2)*-8. Suppose -m*r + s*r = -94. What is the remainder when r is divided by 32?
30
Suppose l + 72 - 218 = -2*q, 20 = -5*l. Let i = -60 + q. Calculate the remainder when 44 is divided by i.
14
Let b(m) = 42*m**2 + 259*m + 1492. Calculate the remainder when b(-6) is divided by 52.
46
Suppose -3*x + 1173 = -3*q, 1995 = 5*x - 10*q + 15*q. What is the remainder when x is divided by 66?
65
Let w = 15269 + -15179. Calculate the remainder when 236 is divided by w.
56
Suppose 12*a + 427 = 19*a. Let u = a - 48. Suppose 5 = -3*j + 29. What is the remainder when u is divided by j?
5
Suppose 7 + 3 = -2*a. Let n(h) = 6*h + 25. Let m be n(a). What is the remainder when 13 is divided by m/5 + 14 + -2?
2
Let l = -10 - -14. Suppose l*g - 248 = 4*r, 9*r = 4*r + 25. Let u = g + -64. Calculate the remainder when 6 is divided by u.
0
Let q = -89 - -279. Let m = q - 165. What is the remainder when 99 is divided by m?
2